{"id":15840,"date":"2024-12-10T22:00:34","date_gmt":"2024-12-10T21:00:34","guid":{"rendered":"https:\/\/ksiegarniamck.pl\/produkt\/socmodernizm-architektura-w-europie-srodkowej-czasu-zimnej-wojny\/"},"modified":"2025-01-08T12:00:41","modified_gmt":"2025-01-08T11:00:41","slug":"socmodernizm-architektura-w-europie-srodkowej-czasu-zimnej-wojny","status":"publish","type":"product","link":"https:\/\/ksiegarniamck.pl\/en\/produkt\/socmodernizm-architektura-w-europie-srodkowej-czasu-zimnej-wojny\/","title":{"rendered":"Socmodernism. Architecture in Central Europe during the Cold War [PL]<br><br>"},"content":{"rendered":"\t\t<div data-elementor-type=\"product-post\" data-elementor-id=\"15840\" class=\"elementor elementor-15840 elementor-15825\" data-elementor-post-type=\"product\">\n\t\t\t\t<div class=\"elementor-element elementor-element-47c8d064 e-flex e-con-boxed e-con e-parent\" data-id=\"47c8d064\" data-element_type=\"container\" data-e-type=\"container\">\n\t\t\t\t\t<div class=\"e-con-inner\">\n\t\t\t\t<div class=\"elementor-element elementor-element-3d14f566 elementor-widget elementor-widget-text-editor\" data-id=\"3d14f566\" data-element_type=\"widget\" data-e-type=\"widget\" data-widget_type=\"text-editor.default\">\n\t\t\t\t<div class=\"elementor-widget-container\">\n\t\t\t\t\t\t\t\t\t<p>The Book &#8220;<strong>Socmodernism. Architecture of Central Europe during the Cold War <\/strong>&#8220;is a fascinating and richly illustrated journey into the history of socialist modernism, which for decades remained underestimated and marginalized in the study of 20th-century architecture. The publication is not only an analysis of architectural phenomena, but also an attempt to reconstruct a fuller story of the post-war transformations of Central Europe.<\/p><p>The association of socialist modernism with industrialized and collectivized architecture has too often obscured the outstanding achievements of artists who developed their own unique aesthetic languages and engaged in dialogue with the rich heritage of previous eras. This book sheds light on architects who were confident in their vision, operating in a reality full of constraints in the GDR, Czechoslovakia, Yugoslavia, the Polish People&#8217;s Republic, Lithuania, Latvia, Estonia, and exploiting to their advantage the opportunities arising from the utopian spirit of those times.<\/p><p>The authors \u2013 Dr. \u0141ukasz Galusek and Dr. Micha\u0142 Wi\u015bniewski \u2013 point out that the history of post-war Europe has for years been a narrative full of silences and absences \u2013 both in the political and cultural spheres. While these gaps in socio-political history have been slowly filled in the last 30 years, architecture remains an area full of omissions. This publication is a response to the need for a new perspective, restoring balance in the narrative of the modernist heritage of Central Europe.<\/p><p>This is a book that forces us to reflect on the contemporary reception and meaning of post-war architecture. It is also an appeal for a more nuanced look at the legacy of the Cold War era \u2013 full of contradictions, but also a wealth of artistic exploration.<\/p><p><strong>The first comprehensive and panoramic account of the architecture of socialist modernity in Central Europe from the mid-1940s to the 1990s, from Tallinn to Ljubljana and from divided Berlin to Bucharest and Skopje.<\/strong><\/p><p>\u00a0<\/p><p>\u00a0<\/p><p>\u00a0<\/p><p><em>The post-war part of the 20th century was a time of many modernities, including in architecture. In our part of Europe, when it was the &#8220;Eastern Bloc,&#8221; it took on a form that was at once unified, prefabricated, and cosmic. This impressive book recalls the best of each: creativity despite top-down standardization, attempts to give pragmatism a human dimension, and finally imagination\u2014both that which could flourish in the prevailing system and that which operated despite it. It recalls iconic objects and projects, but also unrealized or no longer existing\u2014signs of &#8220;another modernity,&#8221; sometimes seeming as if from another planet. <\/em><\/p><p><em>Olga Drenda<\/em><\/p>\t\t\t\t\t\t\t\t<\/div>\n\t\t\t\t<\/div>\n\t\t\t\t\t<\/div>\n\t\t\t\t<\/div>\n\t\t\t\t<\/div>\n\t\t","protected":false},"excerpt":{"rendered":"<p>The Book &#8220;<strong>Socmodernism. Architecture of Central Europe during the Cold War <\/strong>&#8220;is a fascinating and richly illustrated journey into the history of socialist modernism, which for decades remained underestimated and marginalized in the study of 20th-century architecture. The publication is not only an analysis of architectural phenomena, but also an attempt to reconstruct a fuller story of the post-war transformations of Central Europe.<\/p>\n","protected":false},"featured_media":15830,"template":"","meta":{"_acf_changed":false,"iawp_total_views":5},"product_brand":[],"product_cat":[123],"product_tag":[2606,2607],"class_list":{"0":"post-15840","1":"product","2":"type-product","3":"status-publish","4":"has-post-thumbnail","6":"product_cat-albums","7":"product_tag-architecture-en","8":"product_tag-social-modernism","10":"first","11":"outofstock","12":"sale","13":"taxable","14":"shipping-taxable","15":"purchasable","16":"product-type-simple"},"acf":[],"_links":{"self":[{"href":"https:\/\/ksiegarniamck.pl\/en\/wp-json\/wp\/v2\/product\/15840","targetHints":{"allow":["GET"]}}],"collection":[{"href":"https:\/\/ksiegarniamck.pl\/en\/wp-json\/wp\/v2\/product"}],"about":[{"href":"https:\/\/ksiegarniamck.pl\/en\/wp-json\/wp\/v2\/types\/product"}],"version-history":[{"count":16,"href":"https:\/\/ksiegarniamck.pl\/en\/wp-json\/wp\/v2\/product\/15840\/revisions"}],"predecessor-version":[{"id":17855,"href":"https:\/\/ksiegarniamck.pl\/en\/wp-json\/wp\/v2\/product\/15840\/revisions\/17855"}],"wp:featuredmedia":[{"embeddable":true,"href":"https:\/\/ksiegarniamck.pl\/en\/wp-json\/wp\/v2\/media\/15830"}],"wp:attachment":[{"href":"https:\/\/ksiegarniamck.pl\/en\/wp-json\/wp\/v2\/media?parent=15840"}],"wp:term":[{"taxonomy":"product_brand","embeddable":true,"href":"https:\/\/ksiegarniamck.pl\/en\/wp-json\/wp\/v2\/product_brand?post=15840"},{"taxonomy":"product_cat","embeddable":true,"href":"https:\/\/ksiegarniamck.pl\/en\/wp-json\/wp\/v2\/product_cat?post=15840"},{"taxonomy":"product_tag","embeddable":true,"href":"https:\/\/ksiegarniamck.pl\/en\/wp-json\/wp\/v2\/product_tag?post=15840"}],"curies":[{"name":"wp","href":"https:\/\/api.w.org\/{rel}","templated":true}]}}

<div data-elementor-type="product-post" data-elementor-id="15840" class="elementor elementor-15840 elementor-15825" data-elementor-post-type="product">
				<div class="elementor-element elementor-element-47c8d064 e-flex e-con-boxed e-con e-parent" data-id="47c8d064" data-element_type="container" data-e-type="container">
					<div class="e-con-inner">
				<div class="elementor-element elementor-element-3d14f566 elementor-widget elementor-widget-text-editor" data-id="3d14f566" data-element_type="widget" data-e-type="widget" data-widget_type="text-editor.default">
				<div class="elementor-widget-container">
									<p>The Book &#8220;<strong>Socmodernism. Architecture of Central Europe during the Cold War </strong>&#8220;is a fascinating and richly illustrated journey into the history of socialist modernism, which for decades remained underestimated and marginalized in the study of 20th-century architecture. The publication is not only an analysis of architectural phenomena, but also an attempt to reconstruct a fuller story of the post-war transformations of Central Europe.</p><p>The association of socialist modernism with industrialized and collectivized architecture has too often obscured the outstanding achievements of artists who developed their own unique aesthetic languages and engaged in dialogue with the rich heritage of previous eras. This book sheds light on architects who were confident in their vision, operating in a reality full of constraints in the GDR, Czechoslovakia, Yugoslavia, the Polish People&#8217;s Republic, Lithuania, Latvia, Estonia, and exploiting to their advantage the opportunities arising from the utopian spirit of those times.</p><p>The authors – Dr. Łukasz Galusek and Dr. Michał Wiśniewski – point out that the history of post-war Europe has for years been a narrative full of silences and absences – both in the political and cultural spheres. While these gaps in socio-political history have been slowly filled in the last 30 years, architecture remains an area full of omissions. This publication is a response to the need for a new perspective, restoring balance in the narrative of the modernist heritage of Central Europe.</p><p>This is a book that forces us to reflect on the contemporary reception and meaning of post-war architecture. It is also an appeal for a more nuanced look at the legacy of the Cold War era – full of contradictions, but also a wealth of artistic exploration.</p><p><strong>The first comprehensive and panoramic account of the architecture of socialist modernity in Central Europe from the mid-1940s to the 1990s, from Tallinn to Ljubljana and from divided Berlin to Bucharest and Skopje.</strong></p><p> </p><p> </p><p> </p><p><em>The post-war part of the 20th century was a time of many modernities, including in architecture. In our part of Europe, when it was the &#8220;Eastern Bloc,&#8221; it took on a form that was at once unified, prefabricated, and cosmic. This impressive book recalls the best of each: creativity despite top-down standardization, attempts to give pragmatism a human dimension, and finally imagination—both that which could flourish in the prevailing system and that which operated despite it. It recalls iconic objects and projects, but also unrealized or no longer existing—signs of &#8220;another modernity,&#8221; sometimes seeming as if from another planet. </em></p><p><em>Olga Drenda</em></p>								</div>
				</div>
					</div>
				</div>
				</div>
