{"id":5076,"date":"2021-10-29T17:00:29","date_gmt":"2021-10-29T15:00:29","guid":{"rendered":"https:\/\/ksiegarniamck.pl\/?post_type=product&#038;p=5076"},"modified":"2023-07-11T11:58:52","modified_gmt":"2023-07-11T09:58:52","slug":"herito-nr-34-women-of-central-europe","status":"publish","type":"product","link":"https:\/\/ksiegarniamck.pl\/en\/produkt\/herito-nr-34-women-of-central-europe\/","title":{"rendered":"HERITO, No. 34: Women of Central Europe"},"content":{"rendered":"\t\t<div data-elementor-type=\"product-post\" data-elementor-id=\"5076\" class=\"elementor elementor-5076 elementor-4131\" data-elementor-post-type=\"product\">\n\t\t\t\t\t\t<section class=\"elementor-section elementor-top-section elementor-element elementor-element-2658c5e3 elementor-section-boxed elementor-section-height-default elementor-section-height-default\" data-id=\"2658c5e3\" data-element_type=\"section\" data-e-type=\"section\">\n\t\t\t\t\t\t<div class=\"elementor-container elementor-column-gap-default\">\n\t\t\t\t\t<div class=\"elementor-column elementor-col-100 elementor-top-column elementor-element elementor-element-2ca8a668\" data-id=\"2ca8a668\" data-element_type=\"column\" data-e-type=\"column\">\n\t\t\t<div class=\"elementor-widget-wrap elementor-element-populated\">\n\t\t\t\t\t\t<div class=\"elementor-element elementor-element-2ea8dec0 elementor-widget elementor-widget-text-editor\" data-id=\"2ea8dec0\" data-element_type=\"widget\" data-e-type=\"widget\" data-widget_type=\"text-editor.default\">\n\t\t\t\t<div class=\"elementor-widget-container\">\n\t\t\t\t\t\t\t\t\t<p><strong>Do wsp\u00f3lnego opowiadania historii Europy \u015arodkowej z kobiecej perspektywy i \u201ewywo\u0142ywania\u201d nieoczywistych opowie\u015bci zaprosili\u015bmy znakomite autorki i autor\u00f3w. Efektem jest ponad dwustustronicowy numer po\u015bwi\u0119cony odpominaniu przejmuj\u0105cych kobiecych narracji, bohaterek i postaw.<\/strong><\/p>\n<p>W numerze:<\/p>\n<ul>\n<li>Olga Drenda&nbsp;przygl\u0105da si\u0119 obchodom Dnia Kobiet w krajach demokracji ludowych.<\/li>\n<li>Ma\u0142gorzata Rejmer&nbsp;kre\u015bli poruszaj\u0105cy obraz kobiety na przestrzeni epok w kulturze alba\u0144skiej.&nbsp;<\/li>\n<li><span style=\"color: var( --e-global-color-text ); font-family: var( --e-global-typography-text-font-family ), Sans-serif; font-size: var( --e-global-typography-text-font-size ); text-align: var(--text-align); background-color: var( --e-global-color-a6d1ba9 );\">Ostap S\u0142ywynski<\/span><span style=\"color: var( --e-global-color-text ); font-family: var( --e-global-typography-text-font-family ), Sans-serif; font-size: var( --e-global-typography-text-font-size ); text-align: var(--text-align); background-color: var( --e-global-color-a6d1ba9 );\">&nbsp;tropi lwowskie \u015blady Zuzanny Ginczanki i innych pisarek \u017cydowskiego pochodzenia, a&nbsp;<\/span><span style=\"color: var( --e-global-color-text ); font-family: var( --e-global-typography-text-font-family ), Sans-serif; font-size: var( --e-global-typography-text-font-size ); text-align: var(--text-align); background-color: var( --e-global-color-a6d1ba9 );\">Ma\u0142gorzata Radkiewicz<\/span><span style=\"color: var( --e-global-color-text ); font-family: var( --e-global-typography-text-font-family ), Sans-serif; font-size: var( --e-global-typography-text-font-size ); text-align: var(--text-align); background-color: var( --e-global-color-a6d1ba9 );\">&nbsp;p<\/span><span style=\"color: var( --e-global-color-text ); font-family: var( --e-global-typography-text-font-family ), Sans-serif; font-size: var( --e-global-typography-text-font-size ); font-weight: var( --e-global-typography-text-font-weight ); text-align: var(--text-align); background-color: var( --e-global-color-a6d1ba9 );\">rzypomina awangardowe artystki \u017cyj\u0105ce i tworz\u0105ce w tym mie\u015bcie.&nbsp;<br><\/span><\/li>\n<li><span style=\"color: var( --e-global-color-text ); font-family: var( --e-global-typography-text-font-family ), Sans-serif; font-size: var( --e-global-typography-text-font-size ); text-align: var(--text-align); background-color: var( --e-global-color-a6d1ba9 );\">Marta Madejska<\/span><span style=\"color: var( --e-global-color-text ); font-family: var( --e-global-typography-text-font-family ), Sans-serif; font-size: var( --e-global-typography-text-font-size ); text-align: var(--text-align); background-color: var( --e-global-color-a6d1ba9 );\">&nbsp;o<\/span><span style=\"color: var( --e-global-color-text ); font-family: var( --e-global-typography-text-font-family ), Sans-serif; font-size: var( --e-global-typography-text-font-size ); font-weight: var( --e-global-typography-text-font-weight ); text-align: var(--text-align); background-color: var( --e-global-color-a6d1ba9 );\">powiada losy Marii Przedborskiej \u2013 niedocenionej \u0142\u00f3dzkiej poetki-inspektorki.&nbsp;<br><\/span><\/li>\n<li><span style=\"color: var( --e-global-color-text ); font-family: var( --e-global-typography-text-font-family ), Sans-serif; font-size: var( --e-global-typography-text-font-size ); text-align: var(--text-align); background-color: var( --e-global-color-a6d1ba9 );\">Teresa Worowska<\/span><span style=\"color: var( --e-global-color-text ); font-family: var( --e-global-typography-text-font-family ), Sans-serif; font-size: var( --e-global-typography-text-font-size ); text-align: var(--text-align); background-color: var( --e-global-color-a6d1ba9 );\">&nbsp;przybli\u017ca biografi\u0119 Alaine Polcz \u2013 w\u0119gierskiej psycholo\u017cki i prozaiczki, autorki poruszaj\u0105cych wspomnie\u0144 z ko\u0144ca II wojny \u015bwiatowej pt. \u201eKobiety na froncie\u201d, kt\u00f3rych fragment przet\u0142umaczy\u0142a dla nas&nbsp;<\/span><span style=\"color: var( --e-global-color-text ); font-family: var( --e-global-typography-text-font-family ), Sans-serif; font-size: var( --e-global-typography-text-font-size ); text-align: var(--text-align); background-color: var( --e-global-color-a6d1ba9 );\">Karolina Wilamowska<\/span><span style=\"color: var( --e-global-color-text ); font-family: var( --e-global-typography-text-font-family ), Sans-serif; font-size: var( --e-global-typography-text-font-size ); text-align: var(--text-align); background-color: var( --e-global-color-a6d1ba9 );\">.<br><br><\/span><\/li>\n<\/ul>\n<p>Ponadto w numerze znalaz\u0142 si\u0119 tekst&nbsp;Ewy Furga\u0142&nbsp;po\u015bwi\u0119cony losom polskich dzia\u0142aczek niepodleg\u0142o\u015bciowych, esej&nbsp;Grzegorza Pi\u0105tka&nbsp;o nieznanej szerzej \u201epierwszej polskiej uczennicy Le Corbusiera\u201d, a tak\u017ce inspirowana kilkoma niepozornymi fotografiami opowie\u015b\u0107&nbsp;Jacka Dehnela&nbsp;o udziale kobiet w polskich powstaniach niepodleg\u0142o\u015bciowych w XIX wieku czy tekst&nbsp;Macieja Jakubowiaka&nbsp;o prze\u0142amywaniu patriarchatu w polskiej literaturze najnowszej.<\/p>\n<p>Na uwag\u0119 zas\u0142uguje te\u017c atlas \u015brodkowoeuropejskich \u201edam dizajnu\u201d stworzony przez&nbsp;Czes\u0142aw\u0119 Freilich&nbsp;i&nbsp;Irm\u0119 Kozin\u0119, wywiad&nbsp;Kamy Buchalskiej&nbsp;z czesk\u0105 wydawczyni\u0105&nbsp;Barbor\u0105 Baronov\u0105&nbsp;o kobiecej historii m\u00f3wionej, rozprawa&nbsp;Kriszti\u00e1na Ny\u00e1ryego&nbsp;po\u015bwi\u0119cona pionierce w\u0119gierskiego ruchu feministycznego, tekst&nbsp;Aleksandry Wojtaszek&nbsp;o \u201echorwackim Andersenie w sp\u00f3dnicy\u201d czy wspomnienie&nbsp;Beaty Nykiel&nbsp;o \u201earcypolskiej Europejce\u201d \u2013 Karolinie Lanckoro\u0144skiej.<\/p>\n<p><\/p>\t\t\t\t\t\t\t\t<\/div>\n\t\t\t\t<\/div>\n\t\t\t\t\t<\/div>\n\t\t<\/div>\n\t\t\t\t\t<\/div>\n\t\t<\/section>\n\t\t\t\t<\/div>\n\t\t","protected":false},"excerpt":{"rendered":"<p>It is only recently that the role of women in history has been more fully recognised. In the early 1970s, the term \u201cherstory\u201d was coined to refer to history told from a woman\u2019s point of view. Although \u201cHerito\u201d always seeks to offer as much space to women authors and their topics as possible, we decided [&hellip;]<\/p>\n","protected":false},"featured_media":11075,"template":"","meta":{"_acf_changed":false,"iawp_total_views":0},"product_brand":[],"product_cat":[125],"product_tag":[2534],"class_list":{"0":"post-5076","1":"product","2":"type-product","3":"status-publish","4":"has-post-thumbnail","6":"product_cat-herito-en","7":"product_tag-herito-en-2","9":"first","10":"instock","11":"sale","12":"taxable","13":"shipping-taxable","14":"purchasable","15":"product-type-simple"},"acf":[],"_links":{"self":[{"href":"https:\/\/ksiegarniamck.pl\/en\/wp-json\/wp\/v2\/product\/5076","targetHints":{"allow":["GET"]}}],"collection":[{"href":"https:\/\/ksiegarniamck.pl\/en\/wp-json\/wp\/v2\/product"}],"about":[{"href":"https:\/\/ksiegarniamck.pl\/en\/wp-json\/wp\/v2\/types\/product"}],"version-history":[{"count":3,"href":"https:\/\/ksiegarniamck.pl\/en\/wp-json\/wp\/v2\/product\/5076\/revisions"}],"predecessor-version":[{"id":11885,"href":"https:\/\/ksiegarniamck.pl\/en\/wp-json\/wp\/v2\/product\/5076\/revisions\/11885"}],"wp:featuredmedia":[{"embeddable":true,"href":"https:\/\/ksiegarniamck.pl\/en\/wp-json\/wp\/v2\/media\/11075"}],"wp:attachment":[{"href":"https:\/\/ksiegarniamck.pl\/en\/wp-json\/wp\/v2\/media?parent=5076"}],"wp:term":[{"taxonomy":"product_brand","embeddable":true,"href":"https:\/\/ksiegarniamck.pl\/en\/wp-json\/wp\/v2\/product_brand?post=5076"},{"taxonomy":"product_cat","embeddable":true,"href":"https:\/\/ksiegarniamck.pl\/en\/wp-json\/wp\/v2\/product_cat?post=5076"},{"taxonomy":"product_tag","embeddable":true,"href":"https:\/\/ksiegarniamck.pl\/en\/wp-json\/wp\/v2\/product_tag?post=5076"}],"curies":[{"name":"wp","href":"https:\/\/api.w.org\/{rel}","templated":true}]}}

<div data-elementor-type="product-post" data-elementor-id="5076" class="elementor elementor-5076 elementor-4131" data-elementor-post-type="product">
						<section class="elementor-section elementor-top-section elementor-element elementor-element-2658c5e3 elementor-section-boxed elementor-section-height-default elementor-section-height-default" data-id="2658c5e3" data-element_type="section" data-e-type="section">
						<div class="elementor-container elementor-column-gap-default">
					<div class="elementor-column elementor-col-100 elementor-top-column elementor-element elementor-element-2ca8a668" data-id="2ca8a668" data-element_type="column" data-e-type="column">
			<div class="elementor-widget-wrap elementor-element-populated">
						<div class="elementor-element elementor-element-2ea8dec0 elementor-widget elementor-widget-text-editor" data-id="2ea8dec0" data-element_type="widget" data-e-type="widget" data-widget_type="text-editor.default">
				<div class="elementor-widget-container">
									<p><strong>Do wspólnego opowiadania historii Europy Środkowej z kobiecej perspektywy i „wywoływania” nieoczywistych opowieści zaprosiliśmy znakomite autorki i autorów. Efektem jest ponad dwustustronicowy numer poświęcony odpominaniu przejmujących kobiecych narracji, bohaterek i postaw.</strong></p>
<p>W numerze:</p>
<ul>
<li>Olga Drenda&nbsp;przygląda się obchodom Dnia Kobiet w krajach demokracji ludowych.</li>
<li>Małgorzata Rejmer&nbsp;kreśli poruszający obraz kobiety na przestrzeni epok w kulturze albańskiej.&nbsp;</li>
<li><span style="color: var( --e-global-color-text ); font-family: var( --e-global-typography-text-font-family ), Sans-serif; font-size: var( --e-global-typography-text-font-size ); text-align: var(--text-align); background-color: var( --e-global-color-a6d1ba9 );">Ostap Sływynski</span><span style="color: var( --e-global-color-text ); font-family: var( --e-global-typography-text-font-family ), Sans-serif; font-size: var( --e-global-typography-text-font-size ); text-align: var(--text-align); background-color: var( --e-global-color-a6d1ba9 );">&nbsp;tropi lwowskie ślady Zuzanny Ginczanki i innych pisarek żydowskiego pochodzenia, a&nbsp;</span><span style="color: var( --e-global-color-text ); font-family: var( --e-global-typography-text-font-family ), Sans-serif; font-size: var( --e-global-typography-text-font-size ); text-align: var(--text-align); background-color: var( --e-global-color-a6d1ba9 );">Małgorzata Radkiewicz</span><span style="color: var( --e-global-color-text ); font-family: var( --e-global-typography-text-font-family ), Sans-serif; font-size: var( --e-global-typography-text-font-size ); text-align: var(--text-align); background-color: var( --e-global-color-a6d1ba9 );">&nbsp;p</span><span style="color: var( --e-global-color-text ); font-family: var( --e-global-typography-text-font-family ), Sans-serif; font-size: var( --e-global-typography-text-font-size ); font-weight: var( --e-global-typography-text-font-weight ); text-align: var(--text-align); background-color: var( --e-global-color-a6d1ba9 );">rzypomina awangardowe artystki żyjące i tworzące w tym mieście.&nbsp;<br></span></li>
<li><span style="color: var( --e-global-color-text ); font-family: var( --e-global-typography-text-font-family ), Sans-serif; font-size: var( --e-global-typography-text-font-size ); text-align: var(--text-align); background-color: var( --e-global-color-a6d1ba9 );">Marta Madejska</span><span style="color: var( --e-global-color-text ); font-family: var( --e-global-typography-text-font-family ), Sans-serif; font-size: var( --e-global-typography-text-font-size ); text-align: var(--text-align); background-color: var( --e-global-color-a6d1ba9 );">&nbsp;o</span><span style="color: var( --e-global-color-text ); font-family: var( --e-global-typography-text-font-family ), Sans-serif; font-size: var( --e-global-typography-text-font-size ); font-weight: var( --e-global-typography-text-font-weight ); text-align: var(--text-align); background-color: var( --e-global-color-a6d1ba9 );">powiada losy Marii Przedborskiej – niedocenionej łódzkiej poetki-inspektorki.&nbsp;<br></span></li>
<li><span style="color: var( --e-global-color-text ); font-family: var( --e-global-typography-text-font-family ), Sans-serif; font-size: var( --e-global-typography-text-font-size ); text-align: var(--text-align); background-color: var( --e-global-color-a6d1ba9 );">Teresa Worowska</span><span style="color: var( --e-global-color-text ); font-family: var( --e-global-typography-text-font-family ), Sans-serif; font-size: var( --e-global-typography-text-font-size ); text-align: var(--text-align); background-color: var( --e-global-color-a6d1ba9 );">&nbsp;przybliża biografię Alaine Polcz – węgierskiej psycholożki i prozaiczki, autorki poruszających wspomnień z końca II wojny światowej pt. „Kobiety na froncie”, których fragment przetłumaczyła dla nas&nbsp;</span><span style="color: var( --e-global-color-text ); font-family: var( --e-global-typography-text-font-family ), Sans-serif; font-size: var( --e-global-typography-text-font-size ); text-align: var(--text-align); background-color: var( --e-global-color-a6d1ba9 );">Karolina Wilamowska</span><span style="color: var( --e-global-color-text ); font-family: var( --e-global-typography-text-font-family ), Sans-serif; font-size: var( --e-global-typography-text-font-size ); text-align: var(--text-align); background-color: var( --e-global-color-a6d1ba9 );">.<br><br></span></li>
</ul>
<p>Ponadto w numerze znalazł się tekst&nbsp;Ewy Furgał&nbsp;poświęcony losom polskich działaczek niepodległościowych, esej&nbsp;Grzegorza Piątka&nbsp;o nieznanej szerzej „pierwszej polskiej uczennicy Le Corbusiera”, a także inspirowana kilkoma niepozornymi fotografiami opowieść&nbsp;Jacka Dehnela&nbsp;o udziale kobiet w polskich powstaniach niepodległościowych w XIX wieku czy tekst&nbsp;Macieja Jakubowiaka&nbsp;o przełamywaniu patriarchatu w polskiej literaturze najnowszej.</p>
<p>Na uwagę zasługuje też atlas środkowoeuropejskich „dam dizajnu” stworzony przez&nbsp;Czesławę Freilich&nbsp;i&nbsp;Irmę Kozinę, wywiad&nbsp;Kamy Buchalskiej&nbsp;z czeską wydawczynią&nbsp;Barborą Baronovą&nbsp;o kobiecej historii mówionej, rozprawa&nbsp;Krisztiána Nyáryego&nbsp;poświęcona pionierce węgierskiego ruchu feministycznego, tekst&nbsp;Aleksandry Wojtaszek&nbsp;o „chorwackim Andersenie w spódnicy” czy wspomnienie&nbsp;Beaty Nykiel&nbsp;o „arcypolskiej Europejce” – Karolinie Lanckorońskiej.</p>
<p></p>								</div>
				</div>
					</div>
		</div>
					</div>
		</section>
				</div>
