{"id":5161,"date":"2021-07-30T07:03:23","date_gmt":"2021-07-30T05:03:23","guid":{"rendered":"https:\/\/ksiegarniamck.pl\/?post_type=product&#038;p=5161"},"modified":"2024-11-21T12:11:50","modified_gmt":"2024-11-21T11:11:50","slug":"heritage-and-environment-the-5th-heritage-forum-of-central-europe-e-book","status":"publish","type":"product","link":"https:\/\/ksiegarniamck.pl\/en\/produkt\/heritage-and-environment-the-5th-heritage-forum-of-central-europe-e-book\/","title":{"rendered":"Heritage and Environment. The 5th Heritage Forum of Central Europe E-BOOK [EN]"},"content":{"rendered":"<p><strong>Ksi\u0105\u017cka jest pok\u0142osiem 5. Forum Dziedzictwa Europy \u015arodkowej, jakie odby\u0142o si\u0119 we wrze\u015bniu 2019 r. Forum po\u015bwi\u0119cone by\u0142o zwi\u0105zkom mi\u0119dzy dziedzictwem kulturowym a \u015brodowiskiem, a tak\u017ce ich wzajemnemu zaanga\u017cowaniu.<\/strong><\/p>\n<p>W ksi\u0105\u017cce znajdziemy 27 tekst\u00f3w pisanych przez europejskich specjalist\u00f3w z zakresu dziedzictwa, m. in. Marie-Theres Albert, Artura Chojnackiego, Ev\u0119 Chovancov\u0105, Zoe Russel, Stsiapana Stureik\u0119 czy Tobiasa Strahla. M\u00f3wi\u0105 one o tym, \u017ce kontekst \u015brodowiskowy ma ogromne znaczenie dla pe\u0142nego zrozumienia warto\u015bci i samego znaczenia dziedzictwa kulturowego, kt\u00f3re pozostaje jednym z centralnych element\u00f3w to\u017csamo\u015bci ka\u017cdego z nas.<\/p>\n<p>W ostatnich latach, a zw\u0142aszcza w ostatnim czasie, stajemy si\u0119 coraz bardziej \u015bwiadomi, \u017ce Pandemia lat 2020\u20132021, z jej ogromnym negatywnym wp\u0142ywem na sektor dziedzictwa kulturowego, niew\u0105tpliwie pobudzi wiele instytucji dziedzictwa kulturowego do zaj\u0119cia si\u0119 tematami zwi\u0105zanymi z tzw. \u201ezielon\u0105 rewolucj\u0105\u201d. Uczestnicy 5. Forum Dziedzictwa twierdz\u0105, \u017ce osoby i instytucje dzia\u0142aj\u0105ce w obszarze dziedzictwa kulturowego s\u0105 tak\u017ce odpowiedzialne za edukacj\u0119 i podnoszenie \u015bwiadomo\u015bci spo\u0142ecznej w zakresie troski o \u015brodowisko.<\/p>\n<p>Publikacja w j\u0119zyku angielskim.<\/p>\n<p><strong>\u00a0<\/strong><\/p>\n","protected":false},"excerpt":{"rendered":"<p>Ksi\u0105\u017cka jest pok\u0142osiem 5. Forum Dziedzictwa Europy \u015arodkowej, jakie odby\u0142o si\u0119 we wrze\u015bniu 2019 r. Forum po\u015bwi\u0119cone by\u0142o zwi\u0105zkom mi\u0119dzy dziedzictwem kulturowym a \u015brodowiskiem, a tak\u017ce ich wzajemnemu zaanga\u017cowaniu. W ksi\u0105\u017cce znajdziemy 27 tekst\u00f3w pisanych przez europejskich specjalist\u00f3w z zakresu dziedzictwa, m. in. Marie-Theres Albert, Artura Chojnackiego, Ev\u0119 Chovancov\u0105, Zoe Russel, Stsiapana Stureik\u0119 czy Tobiasa [&hellip;]<\/p>\n","protected":false},"featured_media":5162,"template":"","meta":{"_acf_changed":false,"iawp_total_views":1},"product_brand":[],"product_cat":[26,57],"product_tag":[365],"class_list":{"0":"post-5161","1":"product","2":"type-product","3":"status-publish","4":"has-post-thumbnail","6":"product_cat-e-booki","7":"product_cat-heritologia","8":"product_tag-ebook","10":"first","11":"instock","12":"downloadable","13":"virtual","14":"sold-individually","15":"taxable","16":"purchasable","17":"product-type-simple"},"acf":[],"_links":{"self":[{"href":"https:\/\/ksiegarniamck.pl\/en\/wp-json\/wp\/v2\/product\/5161","targetHints":{"allow":["GET"]}}],"collection":[{"href":"https:\/\/ksiegarniamck.pl\/en\/wp-json\/wp\/v2\/product"}],"about":[{"href":"https:\/\/ksiegarniamck.pl\/en\/wp-json\/wp\/v2\/types\/product"}],"version-history":[{"count":4,"href":"https:\/\/ksiegarniamck.pl\/en\/wp-json\/wp\/v2\/product\/5161\/revisions"}],"predecessor-version":[{"id":12605,"href":"https:\/\/ksiegarniamck.pl\/en\/wp-json\/wp\/v2\/product\/5161\/revisions\/12605"}],"wp:featuredmedia":[{"embeddable":true,"href":"https:\/\/ksiegarniamck.pl\/en\/wp-json\/wp\/v2\/media\/5162"}],"wp:attachment":[{"href":"https:\/\/ksiegarniamck.pl\/en\/wp-json\/wp\/v2\/media?parent=5161"}],"wp:term":[{"taxonomy":"product_brand","embeddable":true,"href":"https:\/\/ksiegarniamck.pl\/en\/wp-json\/wp\/v2\/product_brand?post=5161"},{"taxonomy":"product_cat","embeddable":true,"href":"https:\/\/ksiegarniamck.pl\/en\/wp-json\/wp\/v2\/product_cat?post=5161"},{"taxonomy":"product_tag","embeddable":true,"href":"https:\/\/ksiegarniamck.pl\/en\/wp-json\/wp\/v2\/product_tag?post=5161"}],"curies":[{"name":"wp","href":"https:\/\/api.w.org\/{rel}","templated":true}]}}

<p><strong>Książka jest pokłosiem 5. Forum Dziedzictwa Europy Środkowej, jakie odbyło się we wrześniu 2019 r. Forum poświęcone było związkom między dziedzictwem kulturowym a środowiskiem, a także ich wzajemnemu zaangażowaniu.</strong></p>
<p>W książce znajdziemy 27 tekstów pisanych przez europejskich specjalistów z zakresu dziedzictwa, m. in. Marie-Theres Albert, Artura Chojnackiego, Evę Chovancovą, Zoe Russel, Stsiapana Stureikę czy Tobiasa Strahla. Mówią one o tym, że kontekst środowiskowy ma ogromne znaczenie dla pełnego zrozumienia wartości i samego znaczenia dziedzictwa kulturowego, które pozostaje jednym z centralnych elementów tożsamości każdego z nas.</p>
<p>W ostatnich latach, a zwłaszcza w ostatnim czasie, stajemy się coraz bardziej świadomi, że Pandemia lat 2020–2021, z jej ogromnym negatywnym wpływem na sektor dziedzictwa kulturowego, niewątpliwie pobudzi wiele instytucji dziedzictwa kulturowego do zajęcia się tematami związanymi z tzw. „zieloną rewolucją”. Uczestnicy 5. Forum Dziedzictwa twierdzą, że osoby i instytucje działające w obszarze dziedzictwa kulturowego są także odpowiedzialne za edukację i podnoszenie świadomości społecznej w zakresie troski o środowisko.</p>
<p>Publikacja w języku angielskim.</p>
<p><strong> </strong></p>

<p>Książka jest pokłosiem 5. Forum Dziedzictwa Europy Środkowej, jakie odbyło się we wrześniu 2019 r. Forum poświęcone było związkom między dziedzictwem kulturowym a środowiskiem, a także ich wzajemnemu zaangażowaniu. W książce znajdziemy 27 tekstów pisanych przez europejskich specjalistów z zakresu dziedzictwa, m. in. Marie-Theres Albert, Artura Chojnackiego, Evę Chovancovą, Zoe Russel, Stsiapana Stureikę czy Tobiasa [&hellip;]</p>
