{"id":5167,"date":"2021-07-29T06:18:06","date_gmt":"2021-07-29T04:18:06","guid":{"rendered":"https:\/\/ksiegarniamck.pl\/?post_type=product&#038;p=5167"},"modified":"2023-07-12T08:49:37","modified_gmt":"2023-07-12T06:49:37","slug":"graphics-for-collectors","status":"publish","type":"product","link":"https:\/\/ksiegarniamck.pl\/en\/produkt\/graphics-for-collectors\/","title":{"rendered":"Set of three graphics for collectors. Karl Blossfeldt"},"content":{"rendered":"\t\t<div data-elementor-type=\"product-post\" data-elementor-id=\"5167\" class=\"elementor elementor-5167 elementor-5166\" data-elementor-post-type=\"product\">\n\t\t\t\t\t\t<section class=\"elementor-section elementor-top-section elementor-element elementor-element-6695eb26 elementor-section-boxed elementor-section-height-default elementor-section-height-default\" data-id=\"6695eb26\" data-element_type=\"section\" data-e-type=\"section\">\n\t\t\t\t\t\t<div class=\"elementor-container elementor-column-gap-default\">\n\t\t\t\t\t<div class=\"elementor-column elementor-col-100 elementor-top-column elementor-element elementor-element-44f9e009\" data-id=\"44f9e009\" data-element_type=\"column\" data-e-type=\"column\">\n\t\t\t<div class=\"elementor-widget-wrap elementor-element-populated\">\n\t\t\t\t\t\t<div class=\"elementor-element elementor-element-30e10f3f elementor-widget elementor-widget-text-editor\" data-id=\"30e10f3f\" data-element_type=\"widget\" data-e-type=\"widget\" data-widget_type=\"text-editor.default\">\n\t\t\t\t<div class=\"elementor-widget-container\">\n\t\t\t\t\t\t\t\t\t<p><strong>Kunszt natury w ca\u0142ej krasie pokazywa\u0142a nasza zesz\u0142oroczna wystawa&nbsp;<\/strong><span style=\"font-family: Calibri, sans-serif; font-size: 11pt; color: var( --e-global-color-text ); font-weight: var( --e-global-typography-text-font-weight ); text-align: var(--text-align); background-color: var( --e-global-color-a6d1ba9 );\">\u201e<\/span><strong style=\"color: var( --e-global-color-text ); font-family: var( --e-global-typography-text-font-family ), Sans-serif; font-size: var( --e-global-typography-text-font-size ); text-align: var(--text-align); background-color: var( --e-global-color-a6d1ba9 );\">Ro\u015bliny i zwierz\u0119ta<\/strong><span style=\"font-family: Calibri, sans-serif; font-size: 11pt; color: var( --e-global-color-text ); font-weight: var( --e-global-typography-text-font-weight ); text-align: var(--text-align); background-color: var( --e-global-color-a6d1ba9 );\">\u201d&nbsp;<\/span><strong style=\"color: var( --e-global-color-text ); font-family: var( --e-global-typography-text-font-family ), Sans-serif; font-size: var( --e-global-typography-text-font-size ); text-align: var(--text-align); background-color: var( --e-global-color-a6d1ba9 );\">prezentowana r\u00f3wnie\u017c w pa\u0142acu w Wilanowie. Do przygotowanych wtedy plakat\u00f3w kolekcjonerskich dodali\u015bmy grafiki kolekcjonerskie stworzone na kanwie ksi\u0105\u017cki fotograficznej&nbsp;<\/strong><span style=\"font-family: Calibri, sans-serif; font-size: 11pt; color: var( --e-global-color-text ); font-weight: var( --e-global-typography-text-font-weight ); text-align: var(--text-align); background-color: var( --e-global-color-a6d1ba9 );\">\u201e<\/span><strong style=\"color: var( --e-global-color-text ); font-family: var( --e-global-typography-text-font-family ), Sans-serif; font-size: var( --e-global-typography-text-font-size ); text-align: var(--text-align); background-color: var( --e-global-color-a6d1ba9 );\">Urformen der Kunst<\/strong><span style=\"font-family: Calibri, sans-serif; font-size: 11pt; color: var( --e-global-color-text ); font-weight: var( --e-global-typography-text-font-weight ); text-align: var(--text-align); background-color: var( --e-global-color-a6d1ba9 );\">\u201d&nbsp;<\/span><strong style=\"color: var( --e-global-color-text ); font-family: var( --e-global-typography-text-font-family ), Sans-serif; font-size: var( --e-global-typography-text-font-size ); text-align: var(--text-align); background-color: var( --e-global-color-a6d1ba9 );\">prezentowanej w Galerii MCK na wystawie&nbsp;<\/strong><span style=\"font-family: Calibri, sans-serif; font-size: 11pt; color: var( --e-global-color-text ); font-weight: var( --e-global-typography-text-font-weight ); text-align: var(--text-align); background-color: var( --e-global-color-a6d1ba9 );\">\u201e<\/span><strong style=\"color: var( --e-global-color-text ); font-family: var( --e-global-typography-text-font-family ), Sans-serif; font-size: var( --e-global-typography-text-font-size ); text-align: var(--text-align); background-color: var( --e-global-color-a6d1ba9 );\">Nie tylko Bauhaus. Mi\u0119dzywojenna fotografia niemiecka i polskie tropy<\/strong><span style=\"font-family: Calibri, sans-serif; font-size: 11pt; color: var( --e-global-color-text ); font-weight: var( --e-global-typography-text-font-weight ); text-align: var(--text-align); background-color: var( --e-global-color-a6d1ba9 );\">\u201d<\/span><strong style=\"color: var( --e-global-color-text ); font-family: var( --e-global-typography-text-font-family ), Sans-serif; font-size: var( --e-global-typography-text-font-size ); text-align: var(--text-align); background-color: var( --e-global-color-a6d1ba9 );\">.<\/strong><\/p>\n<p>Ikoniczne dzi\u015b zdj\u0119cia powstawa\u0142y jako pomoc dydaktyczna do zaj\u0119\u0107 prowadzonych przez Blossfeldta w berli\u0144skiej Szkole Rzemios\u0142a Artystycznego. W naturze widzia\u0142 niedo\u015bcignion\u0105 nauczycielk\u0119 projektowania, kt\u00f3ra kreowa\u0142a formy celowe, najlepiej s\u0142u\u017c\u0105ce \u017cyciowym potrzebom ro\u015blin, a jednocze\u015bnie nad wyraz pi\u0119kne.<\/p>\n<p>Karl Blossfeldt jako pierwszy dobitnie pokaza\u0142 pi\u0119kno powstaj\u0105ce samo z siebie. Formy doskona\u0142e stwarzane bez ludzkiego udzia\u0142u. Samoistnie. W czym natura prze\u015bciga wszelk\u0105 sztuk\u0119, kt\u00f3ra nawet najbardziej pomys\u0142owa \u2014 pozostaje sztuczna.<\/p>\n<p>Zdj\u0119cia Blossfeldta opublikowane za namow\u0105 przyjaciela w 1928 roku w albumie&nbsp;<span style=\"font-family: Calibri, sans-serif; font-size: 11pt; color: var( --e-global-color-text ); font-weight: var( --e-global-typography-text-font-weight ); text-align: var(--text-align); background-color: var( --e-global-color-a6d1ba9 );\">\u201e<\/span><span style=\"color: var( --e-global-color-text ); font-family: var( --e-global-typography-text-font-family ), Sans-serif; font-size: var( --e-global-typography-text-font-size ); font-weight: var( --e-global-typography-text-font-weight ); text-align: var(--text-align); background-color: var( --e-global-color-a6d1ba9 );\">Praformy sztuki<\/span><span style=\"color: var( --e-global-color-text ); font-family: var( --e-global-typography-text-font-family ), Sans-serif; font-size: var( --e-global-typography-text-font-size ); font-weight: var( --e-global-typography-text-font-weight ); text-align: var(--text-align); background-color: var( --e-global-color-a6d1ba9 );\"> (<\/span><span style=\"font-family: Calibri, sans-serif; font-size: 11pt; color: var( --e-global-color-text ); font-weight: var( --e-global-typography-text-font-weight ); text-align: var(--text-align); background-color: var( --e-global-color-a6d1ba9 );\">\u201e<\/span><span style=\"color: var( --e-global-color-text ); font-family: var( --e-global-typography-text-font-family ), Sans-serif; font-size: var( --e-global-typography-text-font-size ); font-weight: var( --e-global-typography-text-font-weight ); text-align: var(--text-align); background-color: var( --e-global-color-a6d1ba9 );\">Urformen der Kunst<\/span><span style=\"color: var( --e-global-color-text ); font-weight: var( --e-global-typography-text-font-weight ); text-align: var(--text-align); font-family: Calibri, sans-serif; font-size: 11pt; background-color: var( --e-global-color-a6d1ba9 );\">\u201d<\/span><span style=\"color: var( --e-global-color-text ); font-family: var( --e-global-typography-text-font-family ), Sans-serif; font-size: var( --e-global-typography-text-font-size ); font-weight: var( --e-global-typography-text-font-weight ); text-align: var(--text-align); background-color: var( --e-global-color-a6d1ba9 );\">)<\/span><span style=\"color: var( --e-global-color-text ); font-family: var( --e-global-typography-text-font-family ), Sans-serif; font-size: var( --e-global-typography-text-font-size ); font-weight: var( --e-global-typography-text-font-weight ); text-align: var(--text-align); background-color: var( --e-global-color-a6d1ba9 );\">&nbsp;odnios\u0142y osza\u0142amiaj\u0105cy sukces, kt\u00f3ry powt\u00f3rzy\u0142 wydany cztery lata p\u00f3\u017aniej<\/span><em style=\"color: var( --e-global-color-text ); font-family: var( --e-global-typography-text-font-family ), Sans-serif; font-size: var( --e-global-typography-text-font-size ); font-weight: var( --e-global-typography-text-font-weight ); text-align: var(--text-align); background-color: var( --e-global-color-a6d1ba9 );\">&nbsp;<\/em><span style=\"font-family: Calibri, sans-serif; font-size: 11pt; color: var( --e-global-color-text ); font-weight: var( --e-global-typography-text-font-weight ); text-align: var(--text-align); background-color: var( --e-global-color-a6d1ba9 );\">\u201e<\/span><span style=\"color: var( --e-global-color-text ); font-family: var( --e-global-typography-text-font-family ), Sans-serif; font-size: var( --e-global-typography-text-font-size ); font-weight: var( --e-global-typography-text-font-weight ); text-align: var(--text-align); background-color: var( --e-global-color-a6d1ba9 );\">Cudowny ogr\u00f3d natury<\/span><span style=\"color: var( --e-global-color-text ); font-weight: var( --e-global-typography-text-font-weight ); text-align: var(--text-align); font-family: Calibri, sans-serif; font-size: 11pt; background-color: var( --e-global-color-a6d1ba9 );\">\u201d&nbsp;<\/span><span style=\"color: var( --e-global-color-text ); font-family: var( --e-global-typography-text-font-family ), Sans-serif; font-size: var( --e-global-typography-text-font-size ); font-weight: var( --e-global-typography-text-font-weight ); text-align: var(--text-align); background-color: var( --e-global-color-a6d1ba9 );\">(<\/span><span style=\"color: var( --e-global-color-text ); font-weight: var( --e-global-typography-text-font-weight ); text-align: var(--text-align); font-family: Calibri, sans-serif; font-size: 11pt; background-color: var( --e-global-color-a6d1ba9 );\">\u201e<\/span><span style=\"color: var( --e-global-color-text ); font-family: var( --e-global-typography-text-font-family ), Sans-serif; font-size: var( --e-global-typography-text-font-size ); font-weight: var( --e-global-typography-text-font-weight ); text-align: var(--text-align); background-color: var( --e-global-color-a6d1ba9 );\">Wundergarten der Natur<\/span><span style=\"color: var( --e-global-color-text ); font-weight: var( --e-global-typography-text-font-weight ); text-align: var(--text-align); font-family: Calibri, sans-serif; font-size: 11pt; background-color: var( --e-global-color-a6d1ba9 );\">\u201d<\/span><span style=\"color: var( --e-global-color-text ); font-family: var( --e-global-typography-text-font-family ), Sans-serif; font-size: var( --e-global-typography-text-font-size ); font-weight: var( --e-global-typography-text-font-weight ); text-align: var(--text-align); background-color: var( --e-global-color-a6d1ba9 );\">). Oba wydania uznawane s\u0105 dzi\u015b za kamienie milowe w rozwoju ksi\u0105\u017cki fotograficznej, a same fotografie Blossfeldta nie przestaj\u0105 fascynowa\u0107 i inspirowa\u0107 wsp\u00f3\u0142czesnych projektant\u00f3w.<\/span><\/p>\n<p>Trzy grafiki kolekcjonerskie w formacie 39,5 \u00d7 29,5 cm, wydrukowane na papierze Mohawk Superfine Eggshell i-Tone Ultra White bia\u0142y mat, 324 g\/m2.<\/p>\n<p>W sprzeda\u017cy dost\u0119pny jest komplet trzech grafik w cenie 65 z\u0142 (cena plakat\u00f3w wraz z kosztem wysy\u0142ki na terenie Polski).<\/p>\t\t\t\t\t\t\t\t<\/div>\n\t\t\t\t<\/div>\n\t\t\t\t\t<\/div>\n\t\t<\/div>\n\t\t\t\t\t<\/div>\n\t\t<\/section>\n\t\t\t\t<\/div>\n\t\t","protected":false},"excerpt":{"rendered":"<p>The craftsmanship of nature was shown in all its glory in our last year&#8217;s &#8220;Plants and Animals&#8221; exhibition, now presented at the Wilan\u00f3w Palace. To the collector&#8217;s posters prepared at that time, we are adding collector graphics created on the basis of the &#8220;Urformen der Kunst&#8221; photo book presented at the MCK Gallery at the [&hellip;]<\/p>\n","protected":false},"featured_media":11097,"template":"","meta":{"_acf_changed":false,"iawp_total_views":1},"product_brand":[],"product_cat":[201],"product_tag":[],"class_list":{"0":"post-5167","1":"product","2":"type-product","3":"status-publish","4":"has-post-thumbnail","6":"product_cat-posters","8":"first","9":"outofstock","10":"taxable","11":"shipping-taxable","12":"purchasable","13":"product-type-simple"},"acf":[],"_links":{"self":[{"href":"https:\/\/ksiegarniamck.pl\/en\/wp-json\/wp\/v2\/product\/5167","targetHints":{"allow":["GET"]}}],"collection":[{"href":"https:\/\/ksiegarniamck.pl\/en\/wp-json\/wp\/v2\/product"}],"about":[{"href":"https:\/\/ksiegarniamck.pl\/en\/wp-json\/wp\/v2\/types\/product"}],"version-history":[{"count":3,"href":"https:\/\/ksiegarniamck.pl\/en\/wp-json\/wp\/v2\/product\/5167\/revisions"}],"predecessor-version":[{"id":11932,"href":"https:\/\/ksiegarniamck.pl\/en\/wp-json\/wp\/v2\/product\/5167\/revisions\/11932"}],"wp:featuredmedia":[{"embeddable":true,"href":"https:\/\/ksiegarniamck.pl\/en\/wp-json\/wp\/v2\/media\/11097"}],"wp:attachment":[{"href":"https:\/\/ksiegarniamck.pl\/en\/wp-json\/wp\/v2\/media?parent=5167"}],"wp:term":[{"taxonomy":"product_brand","embeddable":true,"href":"https:\/\/ksiegarniamck.pl\/en\/wp-json\/wp\/v2\/product_brand?post=5167"},{"taxonomy":"product_cat","embeddable":true,"href":"https:\/\/ksiegarniamck.pl\/en\/wp-json\/wp\/v2\/product_cat?post=5167"},{"taxonomy":"product_tag","embeddable":true,"href":"https:\/\/ksiegarniamck.pl\/en\/wp-json\/wp\/v2\/product_tag?post=5167"}],"curies":[{"name":"wp","href":"https:\/\/api.w.org\/{rel}","templated":true}]}}

<div data-elementor-type="product-post" data-elementor-id="5167" class="elementor elementor-5167 elementor-5166" data-elementor-post-type="product">
						<section class="elementor-section elementor-top-section elementor-element elementor-element-6695eb26 elementor-section-boxed elementor-section-height-default elementor-section-height-default" data-id="6695eb26" data-element_type="section" data-e-type="section">
						<div class="elementor-container elementor-column-gap-default">
					<div class="elementor-column elementor-col-100 elementor-top-column elementor-element elementor-element-44f9e009" data-id="44f9e009" data-element_type="column" data-e-type="column">
			<div class="elementor-widget-wrap elementor-element-populated">
						<div class="elementor-element elementor-element-30e10f3f elementor-widget elementor-widget-text-editor" data-id="30e10f3f" data-element_type="widget" data-e-type="widget" data-widget_type="text-editor.default">
				<div class="elementor-widget-container">
									<p><strong>Kunszt natury w całej krasie pokazywała nasza zeszłoroczna wystawa&nbsp;</strong><span style="font-family: Calibri, sans-serif; font-size: 11pt; color: var( --e-global-color-text ); font-weight: var( --e-global-typography-text-font-weight ); text-align: var(--text-align); background-color: var( --e-global-color-a6d1ba9 );">„</span><strong style="color: var( --e-global-color-text ); font-family: var( --e-global-typography-text-font-family ), Sans-serif; font-size: var( --e-global-typography-text-font-size ); text-align: var(--text-align); background-color: var( --e-global-color-a6d1ba9 );">Rośliny i zwierzęta</strong><span style="font-family: Calibri, sans-serif; font-size: 11pt; color: var( --e-global-color-text ); font-weight: var( --e-global-typography-text-font-weight ); text-align: var(--text-align); background-color: var( --e-global-color-a6d1ba9 );">”&nbsp;</span><strong style="color: var( --e-global-color-text ); font-family: var( --e-global-typography-text-font-family ), Sans-serif; font-size: var( --e-global-typography-text-font-size ); text-align: var(--text-align); background-color: var( --e-global-color-a6d1ba9 );">prezentowana również w pałacu w Wilanowie. Do przygotowanych wtedy plakatów kolekcjonerskich dodaliśmy grafiki kolekcjonerskie stworzone na kanwie książki fotograficznej&nbsp;</strong><span style="font-family: Calibri, sans-serif; font-size: 11pt; color: var( --e-global-color-text ); font-weight: var( --e-global-typography-text-font-weight ); text-align: var(--text-align); background-color: var( --e-global-color-a6d1ba9 );">„</span><strong style="color: var( --e-global-color-text ); font-family: var( --e-global-typography-text-font-family ), Sans-serif; font-size: var( --e-global-typography-text-font-size ); text-align: var(--text-align); background-color: var( --e-global-color-a6d1ba9 );">Urformen der Kunst</strong><span style="font-family: Calibri, sans-serif; font-size: 11pt; color: var( --e-global-color-text ); font-weight: var( --e-global-typography-text-font-weight ); text-align: var(--text-align); background-color: var( --e-global-color-a6d1ba9 );">”&nbsp;</span><strong style="color: var( --e-global-color-text ); font-family: var( --e-global-typography-text-font-family ), Sans-serif; font-size: var( --e-global-typography-text-font-size ); text-align: var(--text-align); background-color: var( --e-global-color-a6d1ba9 );">prezentowanej w Galerii MCK na wystawie&nbsp;</strong><span style="font-family: Calibri, sans-serif; font-size: 11pt; color: var( --e-global-color-text ); font-weight: var( --e-global-typography-text-font-weight ); text-align: var(--text-align); background-color: var( --e-global-color-a6d1ba9 );">„</span><strong style="color: var( --e-global-color-text ); font-family: var( --e-global-typography-text-font-family ), Sans-serif; font-size: var( --e-global-typography-text-font-size ); text-align: var(--text-align); background-color: var( --e-global-color-a6d1ba9 );">Nie tylko Bauhaus. Międzywojenna fotografia niemiecka i polskie tropy</strong><span style="font-family: Calibri, sans-serif; font-size: 11pt; color: var( --e-global-color-text ); font-weight: var( --e-global-typography-text-font-weight ); text-align: var(--text-align); background-color: var( --e-global-color-a6d1ba9 );">”</span><strong style="color: var( --e-global-color-text ); font-family: var( --e-global-typography-text-font-family ), Sans-serif; font-size: var( --e-global-typography-text-font-size ); text-align: var(--text-align); background-color: var( --e-global-color-a6d1ba9 );">.</strong></p>
<p>Ikoniczne dziś zdjęcia powstawały jako pomoc dydaktyczna do zajęć prowadzonych przez Blossfeldta w berlińskiej Szkole Rzemiosła Artystycznego. W naturze widział niedoścignioną nauczycielkę projektowania, która kreowała formy celowe, najlepiej służące życiowym potrzebom roślin, a jednocześnie nad wyraz piękne.</p>
<p>Karl Blossfeldt jako pierwszy dobitnie pokazał piękno powstające samo z siebie. Formy doskonałe stwarzane bez ludzkiego udziału. Samoistnie. W czym natura prześciga wszelką sztukę, która nawet najbardziej pomysłowa — pozostaje sztuczna.</p>
<p>Zdjęcia Blossfeldta opublikowane za namową przyjaciela w 1928 roku w albumie&nbsp;<span style="font-family: Calibri, sans-serif; font-size: 11pt; color: var( --e-global-color-text ); font-weight: var( --e-global-typography-text-font-weight ); text-align: var(--text-align); background-color: var( --e-global-color-a6d1ba9 );">„</span><span style="color: var( --e-global-color-text ); font-family: var( --e-global-typography-text-font-family ), Sans-serif; font-size: var( --e-global-typography-text-font-size ); font-weight: var( --e-global-typography-text-font-weight ); text-align: var(--text-align); background-color: var( --e-global-color-a6d1ba9 );">Praformy sztuki</span><span style="color: var( --e-global-color-text ); font-family: var( --e-global-typography-text-font-family ), Sans-serif; font-size: var( --e-global-typography-text-font-size ); font-weight: var( --e-global-typography-text-font-weight ); text-align: var(--text-align); background-color: var( --e-global-color-a6d1ba9 );"> (</span><span style="font-family: Calibri, sans-serif; font-size: 11pt; color: var( --e-global-color-text ); font-weight: var( --e-global-typography-text-font-weight ); text-align: var(--text-align); background-color: var( --e-global-color-a6d1ba9 );">„</span><span style="color: var( --e-global-color-text ); font-family: var( --e-global-typography-text-font-family ), Sans-serif; font-size: var( --e-global-typography-text-font-size ); font-weight: var( --e-global-typography-text-font-weight ); text-align: var(--text-align); background-color: var( --e-global-color-a6d1ba9 );">Urformen der Kunst</span><span style="color: var( --e-global-color-text ); font-weight: var( --e-global-typography-text-font-weight ); text-align: var(--text-align); font-family: Calibri, sans-serif; font-size: 11pt; background-color: var( --e-global-color-a6d1ba9 );">”</span><span style="color: var( --e-global-color-text ); font-family: var( --e-global-typography-text-font-family ), Sans-serif; font-size: var( --e-global-typography-text-font-size ); font-weight: var( --e-global-typography-text-font-weight ); text-align: var(--text-align); background-color: var( --e-global-color-a6d1ba9 );">)</span><span style="color: var( --e-global-color-text ); font-family: var( --e-global-typography-text-font-family ), Sans-serif; font-size: var( --e-global-typography-text-font-size ); font-weight: var( --e-global-typography-text-font-weight ); text-align: var(--text-align); background-color: var( --e-global-color-a6d1ba9 );">&nbsp;odniosły oszałamiający sukces, który powtórzył wydany cztery lata później</span><em style="color: var( --e-global-color-text ); font-family: var( --e-global-typography-text-font-family ), Sans-serif; font-size: var( --e-global-typography-text-font-size ); font-weight: var( --e-global-typography-text-font-weight ); text-align: var(--text-align); background-color: var( --e-global-color-a6d1ba9 );">&nbsp;</em><span style="font-family: Calibri, sans-serif; font-size: 11pt; color: var( --e-global-color-text ); font-weight: var( --e-global-typography-text-font-weight ); text-align: var(--text-align); background-color: var( --e-global-color-a6d1ba9 );">„</span><span style="color: var( --e-global-color-text ); font-family: var( --e-global-typography-text-font-family ), Sans-serif; font-size: var( --e-global-typography-text-font-size ); font-weight: var( --e-global-typography-text-font-weight ); text-align: var(--text-align); background-color: var( --e-global-color-a6d1ba9 );">Cudowny ogród natury</span><span style="color: var( --e-global-color-text ); font-weight: var( --e-global-typography-text-font-weight ); text-align: var(--text-align); font-family: Calibri, sans-serif; font-size: 11pt; background-color: var( --e-global-color-a6d1ba9 );">”&nbsp;</span><span style="color: var( --e-global-color-text ); font-family: var( --e-global-typography-text-font-family ), Sans-serif; font-size: var( --e-global-typography-text-font-size ); font-weight: var( --e-global-typography-text-font-weight ); text-align: var(--text-align); background-color: var( --e-global-color-a6d1ba9 );">(</span><span style="color: var( --e-global-color-text ); font-weight: var( --e-global-typography-text-font-weight ); text-align: var(--text-align); font-family: Calibri, sans-serif; font-size: 11pt; background-color: var( --e-global-color-a6d1ba9 );">„</span><span style="color: var( --e-global-color-text ); font-family: var( --e-global-typography-text-font-family ), Sans-serif; font-size: var( --e-global-typography-text-font-size ); font-weight: var( --e-global-typography-text-font-weight ); text-align: var(--text-align); background-color: var( --e-global-color-a6d1ba9 );">Wundergarten der Natur</span><span style="color: var( --e-global-color-text ); font-weight: var( --e-global-typography-text-font-weight ); text-align: var(--text-align); font-family: Calibri, sans-serif; font-size: 11pt; background-color: var( --e-global-color-a6d1ba9 );">”</span><span style="color: var( --e-global-color-text ); font-family: var( --e-global-typography-text-font-family ), Sans-serif; font-size: var( --e-global-typography-text-font-size ); font-weight: var( --e-global-typography-text-font-weight ); text-align: var(--text-align); background-color: var( --e-global-color-a6d1ba9 );">). Oba wydania uznawane są dziś za kamienie milowe w rozwoju książki fotograficznej, a same fotografie Blossfeldta nie przestają fascynować i inspirować współczesnych projektantów.</span></p>
<p>Trzy grafiki kolekcjonerskie w formacie 39,5 × 29,5 cm, wydrukowane na papierze Mohawk Superfine Eggshell i-Tone Ultra White biały mat, 324 g/m2.</p>
<p>W sprzedaży dostępny jest komplet trzech grafik w cenie 65 zł (cena plakatów wraz z kosztem wysyłki na terenie Polski).</p>								</div>
				</div>
					</div>
		</div>
					</div>
		</section>
				</div>

<p>The craftsmanship of nature was shown in all its glory in our last year&#8217;s &#8220;Plants and Animals&#8221; exhibition, now presented at the Wilanów Palace. To the collector&#8217;s posters prepared at that time, we are adding collector graphics created on the basis of the &#8220;Urformen der Kunst&#8221; photo book presented at the MCK Gallery at the [&hellip;]</p>
